 5706*n + 82. Determine f(9).
1
Let l(m) = -3158480*m - 6316953. What is l(-2)?
7
Let n(y) = -5043*y + 882528. What is n(175)?
3
Let p(y) = -3*y**3 - 164*y**2 + 255*y + 159. Determine p(2).
-11
Let u(r) = 8*r**2 + 8402*r + 50402. Determine u(-6).
278
Let r(c) = c**2 + 16*c - 3420. What is r(-61)?
-675
Let b(h) = -9*h**2 + 188*h - 1403. What is b(12)?
-443
Let s(t) = -3*t**2 - t + 1208. Calculate s(19).
106
Let l(o) = 171311*o + 1713114. Determine l(-10).
4
Let w(o) = 3*o**2 - 229*o - 1235. Give w(-5).
-15
Let k(r) = -16*r**2 + 343*r + 1078. What is k(22)?
880
Let o(b) = b**3 - 74*b**2 - 232*b + 573. Calculate o(78).
6813
Let j(f) = -f**3 - 12*f**2 + 15*f + 646. Give j(11).
-1972
Let m(q) = 4*q**2 + 8*q - 4403. Determine m(-34).
-51
Let c(b) = 1840*b + 451. Calculate c(-1).
-1389
Let y(m) = m**3 + 130*m**2 - 849*m - 4334. Give y(-136).
154
Let h(m) = -34071*m - 8347417. What is h(-245)?
-22
Let p(h) = 6*h**2 - 8671*h + 26033. Calculate p(3).
74
Let x(h) = h**3 + 27*h**2 + 185*h + 141. Determine x(-14).
99
Let g(s) = 1284*s**2 + 7732*s + 194. Determine g(-6).
26
Let r(q) = 3*q**2 + 32*q - 461. Determine r(11).
254
Let g(c) = -28*c**2 + 1850*c - 143. Determine g(66).
-11
Let y(a) = -7059*a - 62754. Determine y(-9).
777
Let f(p) = p**3 - 36*p**2 - 198*p - 277. Determine f(41).
10
Let l(r) = -2*r**3 + 613*r**2 - 4883*r + 22. Give l(8).
-834
Let x(m) = -166651*m + 667283. Calculate x(4).
679
Let i(q) = 4052*q - 166662. Calculate i(41).
-530
Let q(j) = 9*j**2 + 402*j + 3463. What is q(-33)?
-2
Let z(v) = 1870*v - 667629. What is z(357)?
-39
Let o(b) = 28*b**2 + 2069*b + 11440. Give o(-6).
34
Let f(c) = -4*c**3 - 569*c**2 + 439*c - 118. Give f(-143).
-1548
Let c(s) = 1771*s + 11731. Determine c(-7).
-666
Let p(m) = 7*m**3 - 365*m**2 - 4337*m + 201. Determine p(-10).
71
Let o(t) = -69*t**2 - 178*t + 358. Determine o(2).
-274
Let k(c) = 9*c**2 - 196*c - 5188. Give k(38).
360
Let k(b) = 10*b**2 + 343*b + 92. Calculate k(-15).
-2803
Let o(q) = -28*q + 1004. What is o(29)?
192
Let y(c) = -2*c**3 - 10*c**2 + 1191*c + 61. What is y(-27)?
-20
Let g(s) = 596*s - 11955. Give g(20).
-35
Let y(d) = -477*d**2 + 811*d + 3. Determine y(3).
-1857
Let g(a) = -3*a**3 + 24*a**2 - 439*a + 1728. Determine g(5).
-242
Let y(i) = -i**3 + 839*i**2 - 13157*i - 9058. Calculate y(823).
-5
Let p(l) = -4*l**3 + 133*l**2 - 40*l - 86. Calculate p(33).
-317
Let n(y) = 10754*y + 139778. Determine n(-13).
-24
Let w(n) = -n**3 + 2*n**2 + 85*n - 228. What is w(5)?
122
Let h(m) = -15*m**2 + 926*m - 10864. Calculate h(16).
112
Let o(c) = 32*c + 208. Determine o(3).
304
Let u(x) = x**3 - 120*x**2 - 4345*x - 706. Determine u(-29).
-10
Let f(u) = 21904*u - 1186. Calculate f(0).
-1186
Let r(g) = 1778*g + 4502. Give r(-3).
-832
Let z(o) = 2*o**2 + 3550*o - 82704. Calculate z(23).
4
Let h(x) = -39*x**2 - 45*x + 1584. Determine h(-7).
-12
Let n(z) = -5*z**3 - 662*z**2 + 1610*z + 247357. Calculate n(-132).
-11
Let n(r) = 2*r**2 + 101*r + 1509. What is n(-27)?
240
Let c(f) = -1443*f**2 + 4577*f - 738. Give c(3).
6
Let d(b) = 2*b**2 + 15251*b - 30494. Give d(2).
16
Let o(h) = -h**2 - 5447*h - 581835. Calculate o(-109).
7
Let f(t) = 2*t**2 - 533*t + 12066. What is f(25)?
-9
Let t(k) = 1703379*k - 6813528. What is t(4)?
-12
Let t(y) = y**3 + 236*y**2 + 6393*y + 1249. What is t(-31)?
71
Let k(n) = -n**2 - 109*n - 3047. Calculate k(-46).
-149
Let f(x) = -8*x**2 + 21*x + 1147. Determine f(-11).
-52
Let o(p) = -43*p**3 - 3277*p**2 - 680*p + 337. Determine o(-76).
33
Let j(o) = -1169*o - 42452. Calculate j(-40).
4308
Let s(q) = -8*q**2 + 2116*q - 15418. Determine s(257).
2
Let h(s) = 6238671*s - 10. What is h(0)?
-10
Let s(l) = l**3 - 13*l**2 + 111*l - 1394. What is s(13)?
49
Let r(n) = 6*n**3 - 148*n**2 - 59*n + 202. Give r(25).
-23
Let b(d) = 17*d**3 - 260*d**2 - 197*d + 56. Calculate b(16).
-24
Let m(w) = 13034*w + 1551037. Give m(-119).
-9
Let l(f) = -4*f**3 - 46*f**2 - 276*f - 2499. What is l(-9)?
-825
Let p(b) = -449*b**3 + 7*b**2 + 24*b + 14. Determine p(-1).
446
Let g(n) = -873*n + 8784. What is g(10)?
54
Let w(l) = 65374*l - 5949105. Determine w(91).
-71
Let n(i) = -i**3 - 6*i**2 - 1162*i - 4633. Determine n(-4).
-17
Let c(j) = 2*j**2 - 442*j + 6500. Give c(16).
-60
Let b(c) = -5*c**3 + 370*c**2 - 38*c + 2682. Calculate b(74).
-130
Let t(n) = 4*n**2 + 1067*n + 44623. Give t(-52).
-45
Let r(f) = -f**2 + 2402*f + 16911. What is r(-7)?
48
Let k(z) = z**3 + 2*z**2 - 34*z - 20. Give k(-6).
40
Let r(w) = -w**3 - 25*w**2 + 156*w + 4383. What is r(-24)?
63
Let d(y) = -8*y**3 - 388*y**2 - 4224*y + 17. Calculate d(-32).
17
Let y(u) = 3*u**2 - 127*u + 932. Give y(45).
1292
Let v(l) = -3*l**2 - 390*l - 4493. What is v(-117)?
70
Let d(k) = -k**3 - 41*k**2 - 97*k - 769. Calculate d(-39).
-28
Let i(y) = y**3 - 426*y**2 - 7535*y - 65. Calculate i(-17).
3
Let l(u) = 10*u**2 + 8563*u + 53550. Determine l(-850).
0
Let z(w) = 2009*w + 78911. Determine z(-39).
560
Let b(m) = 24*m**2 - 1197*m + 1027. What is b(49)?
-2
Let o(d) = -2265*d - 1193629. Give o(-527).
26
Let p(f) = -27487*f + 4920195. Determine p(179).
22
Let u(w) = w**2 - 217*w + 9141. Give u(73).
-1371
Let l(y) = 42*y**3 + y**2 + 90*y - 286. Calculate l(3).
1127
Let u(d) = 2*d**3 + 6*d**2 + 1175*d + 5799. What is u(-5)?
-176
Let r(d) = -263229*d + 3158754. Determine r(12).
6
Let f(g) = g**3 - 58*g**2 - 950*g + 1200. What is f(71)?
-717
Let l(n) = n**3 - 41*n**2 + 948*n - 25843. Calculate l(35).
-13
Let i(p) = p**3 + 31*p**2 - 1180*p - 748. What is i(-53)?
-6
Let f(p) = 156*p - 19381. Determine f(124).
-37
Let v(n) = -5*n**3 - 13*n**2 + 110*n - 122. Calculate v(-10).
2478
Let b(s) = s**3 - 82*s**2 - 655*s + 47485. Calculate b(83).
9
Let n(b) = 2*b**3 - b**2 - 85*b - 31. Calculate n(-6).
11
Let g(y) = -y**3 - 39*y**2 + 43*y + 936. Give g(-40).
816
Let p(s) = 2*s**2 + 282*s + 1104. Give p(-4).
8
Let l(g) = 7841*g + 21481. What is l(-3)?
-2042
Let q(t) = -51*t**3 + t**2 - 17*t - 35. Determine q(0).
-35
Let b(t) = -408*t**2 + 146688*t - 77542. What is b(359)?
2
Let n(h) = -h**2 + 4120*h + 32965. Calculate n(-8).
-59
Let n(u) = -342*u + 11571. Give n(34).
-57
Let i(j) = 673955*j - 45154990. Determine i(67).
-5
Let p(x) = -59*x + 3796. Calculate p(29).
2085
Let k(g) = -76*g + 1154. Give k(8).
546
Let m(j) = -4*j**3 - 57*j**2 - 105*j - 809. Give m(-8).
-1569
Let t(p) = -9*p**3 + 91*p**2 + 161*p - 1773. Calculate t(10).
-63
Let t(h) = -351*h**2 - 3267*h - 638. Give t(-9).
334
Let m(z) = -3*z**3 - 20*z**2 - 608*z - 7078. Give m(-10).
2
Let b(x) = -1425*x + 563653. What is b(396)?
-647
Let x(u) = 5*u**3 - 48*u**2 - 16*u - 119. Give x(10).
-79
Let h(n) = -3*n**3 - 103*n**2 + 32*n - 953. Calculate h(-35).
377
Let i(h) = -12*h**2 + 157*h - 219. Determine i(22).
-2573
Let d(j) = -10641*j - 32109. Give d(-3).
-186
Let j(t) = -33633*t**2 + 235425*t + 36. Give j(7).
-6
Let o(m) = -2*m**2 + 957*m - 9391. Give o(10).
-21
Let f(g) = -g**2 - 3010*g - 15038. What is f(-5)?
-13
Let y(z) = -2*z**3 + 165*z**2 - 1324*z + 159. Calculate y(8).
-897
Let z(d) = -d**2 - 417621*d - 12945297. Give z(-31).
-7
Let f(z) = 4945*z - 59924. Calculate f(12).
-584
Let t(q) = 29*q**3 - 62*q**2 + 18*q + 21. Determine t(1).
6
Let w(f) = 5083*f + 101614. Calculate w(-20).
-46
Let p(u) = -5248*u - 70452. What is p(-14)?
3020
Let c(d) = d**3 + 21*d**2 + 211*d + 1807. Calculate c(-15).
-8
Let r(n) = 192055*n + 576217. Calculate r(-3).
52
Let i(r) = 1030*r + 42215. Give i(-41).
-15
Let w(i) = 53355*i + 693620. Determine w(-13).
5
Let u(t) = 619*t + 8721. What is u(-19)?
-3040
Let i(p) = p**2 - 97*p - 17499. Give i(189).
-111
Let i(x) = 3*x**2 - 397*x + 13317. What is i(66)?
183
Let t(o) = -24869*o - 72667217. Determine t(-2922).
1
Let x(r) = r**2 - 64*r - 1015. Give x(45).
-1870
Let m(g) = -3*g**2 - 21*g + 98. What is m(-31)?
-2134
Let f(x) = -2*x**3 - 20*x**2 - 895*x - 8973. Determine f(-10).
-23
Let m(k) = k**3 + 89*k**2 + 1114*k + 167. Give m(-74).
-129
Let i(y) = 9*y**2 - 1441*y + 8321. Calculate i(6).
-1
Let i(d) = 13*d**2 - 9886*d - 29658. What is i(-3)?
117
Let u(v) = 13*v**2 + 808*v - 96. Give u(-62).
-220
Let j(p) = p**3 + 10*p**2 - 1309*p - 10561. What is j(-8)?
39
Let z(n) = 552297*n - 552301. Give z(1).
-4
Let f(j) = 251*j - 3936. What is f(11)?
-1175
Let j(p) = -250*p**2 - 15096*p + 9404.